n base 6?
124001123
Convert 244110 (base 5) to base 12.
5454
Convert 755200 (base 11) to base 3.
2021100022201
What is -5511224 (base 6) in base 2?
-1000010110101100000
Convert 20011101022211 (base 3) to base 16.
31f89a
-254938 (base 10) to base 16
-3e3da
Convert -142512 (base 7) to base 14.
-9d79
What is 3224b8 (base 13) in base 16?
11f29e
Convert -110100111111100010 (base 2) to base 10.
-217058
What is 440302343 (base 5) in base 10?
1884723
Convert -221412203 (base 5) to base 15.
-1415bd
Convert -96198 (base 11) to base 4.
-202023033
Convert 603444 (base 7) to base 11.
6a788
-af3c52 (base 16) to base 12
-3a19b82
Convert 97990 (base 14) to base 7.
3055340
2310203020 (base 4) to base 16
b48c8
24421525 (base 7) to base 16
216bef
Convert 31632630 (base 7) to base 15.
384319
Convert -1697e0 (base 15) to base 2.
-100001011011001110101
Convert -990a187 (base 11) to base 16.
-1099c3a
Convert -1412340242 (base 5) to base 9.
-6752852
Convert -1024631 (base 7) to base 2.
-11110010011101011
What is 4042103 (base 6) in base 15?
3be89
Convert 33001123 (base 4) to base 8.
170133
20544550 (base 6) to base 13
1824c3
Convert -5537aa (base 11) to base 9.
-1585737
-831024 (base 10) to base 11
-5183a7
What is -1003301003 (base 4) in base 7?
-2234150
-1162e (base 15) to base 8
-154142
Convert -24043234 (base 6) to base 11.
-474340
What is -838634 (base 13) in base 12?
-1043398
What is 1f0ca (base 16) in base 9?
213408
What is -43232660 (base 7) in base 12?
-129a992
Convert 1121323302 (base 4) to base 11.
231842
Convert 37b0 (base 12) to base 10.
6324
Convert -2554613 (base 7) to base 9.
-556725
Convert -1b6255 (base 14) to base 10.
-977331
1263 (base 15) to base 16
f4e
Convert 3204432 (base 6) to base 9.
257662
-1045737 (base 9) to base 15
-b1771
What is -102537 (base 12) in base 7?
-2102521
Convert 543331 (base 7) to base 2.
10111001001110101
Convert 125014342 (base 6) to base 2.
1001011100010000110110
Convert -1001000001101000 (base 2) to base 11.
-25858
Convert -1210102120012 (base 3) to base 14.
-1ab549
What is 210222310 (base 5) in base 14?
188073
-b75196 (base 12) to base 4
-23001313002
Convert 49257 (base 14) to base 13.
63521
What is -10433241 (base 5) in base 8?
-265422
What is 5800805 (base 10) in base 12?
1b38b45
-66c86b (base 14) to base 8
-15244277
-69463b (base 16) to base 7
-112433313
What is 1023301421 (base 5) in base 15?
2cbb0b
5402d6 (base 15) to base 8
17204432
Convert -1033122023 (base 4) to base 16.
-4f68b
23565 (base 12) to base 16
b95d
Convert 26313d (base 14) to base 9.
2423286
-26265713 (base 9) to base 12
-43aa840
Convert 369572 (base 11) to base 5.
122134122
-844637 (base 13) to base 6
-150154032
What is 101048 (base 9) in base 4?
32212232
Convert -21201202202022 (base 3) to base 6.
-224024012
202320211230 (base 4) to base 16
8b896c
What is -13732004 (base 8) in base 2?
-1011111011010000000100
What is 11330032 (base 5) in base 15?
211b2
What is 29a392 (base 12) in base 3?
1022200010002
81594 (base 11) to base 14
315dd
What is 32277 (base 10) in base 16?
7e15
101011000101 (base 2) to base 3
10210010
Convert -33846 (base 13) to base 10.
-93684
-19743a7 (base 12) to base 3
-101010020100201
Convert 45a7081 (base 11) to base 4.
132230223103
What is -43400 (base 5) in base 4?
-232133
What is 103087 (base 9) in base 5?
3430230
Convert -19a369 (base 13) to base 11.
-405043
What is 3a2a4 (base 12) in base 2?
10011100000011100
Convert -4102543 (base 6) to base 16.
-2f9df
What is 100110011000110000 (base 2) in base 13?
5674a
110110111111111111110 (base 2) to base 8
6677776
Convert -2111100221212 (base 3) to base 4.
-11003233010
-1405456 (base 7) to base 9
-314247
What is 14023445 (base 8) in base 12?
10822b1
Convert 222000220120 (base 3) to base 6.
14552153
Convert -4645642 (base 7) to base 13.
-175525
Convert -21313211130 (base 4) to base 9.
-4772583
What is -304087 (base 9) in base 10?
-180142
-53384 (base 10) to base 12
-26a88
-6d269 (base 15) to base 5
-42120144
-553092 (base 10) to base 4
-2013002010
-62487 (base 9) to base 5
-2304402
Convert -23345000 (base 6) to base 11.
-459040
605426 (base 10) to base 5
123333201
Convert -601773 (base 10) to base 3.
-1010120110220
Convert 12368 (base 13) to base 2.
1000001100001100
Convert 11221103223 (base 4) to base 6.
51415243
Convert 225341 (base 9) to base 7.
1102003
-11320155 (base 8) to base 10
-2465901
What is -331040310 (base 5) in base 3?
-2200100222121
What is 312d07 (base 15) in base 14?
44c2ac
14074b4 (base 12) to base 10
3994120
Convert 1033322232 (base 4) to base 12.
139526
What is -746651 (base 8) in base 16?
-3cda9
Convert 783017 (base 9) to base 10.
468034
3113341 (base 5) to base 8
143630
1201057 (base 8) to base 7
2534652
Convert -33041c (base 13) to base 16.
-125087
What is -1a9bab3 (base 13) in base 10?
-8822791
Convert 42252 (base 9) to base 12.
1419b
Convert -40206804 (base 9) to base 6.
-1524411304
Convert -3663537 (base 10) to base 7.
-43065603
Convert 141244315 (base 6) to base 2.
1010111100001000010111
What is 11100211311 (base 4) in base 3?
2121001012010
55866 (base 13) to base 7
1214361
Convert 53680 (base 14) to base 12.
98800
What is 145969 (base 11) in base 16?
3786a
Convert b6ad4 (base 16) to base 12.
301018
What is -10211020 (base 5) in base 7?
-503131
-15a293 (base 14) to base 6
-24124345
What is 43013534 (base 6) in base 7?
13503613
Convert -9270a1 (base 13) to base 8.
-15014375
Convert 4626022 (base 7) to base 13.
1732c9
Convert -1011100110011111000 (base 2) to base 7.
-3142213
-7a2b3 (base 12) to base 11
-1013a0
-25a15 (base 14) to base 3
-11200221002
Convert 1212122000012 (base 3) to base 11.
6207a3
-112300223 (base 4) to base 2
-10110110000101011
What is -2023130133 (base 4) in base 9?
-1060440
Convert -10101011100111000100 (base 2) to base 12.
-29a944
-1161147 (base 8) to base 10
-320103
1010111000110000011011 (base 2) to base 14
5440b1
Convert -c40e5 (base 15) to base 8.
-2275237
-177323 (base 8) to base 12
-31903
What is 121002122001012 (base 3) in base 6?
503205435
Convert 100030220 (base 6) to base 14.
31b7a4
102222101012 (base 3) to base 15
49cb2
What is -13870b (base 12) in base 5?
-40412013
What is 1211aa (base 11) in base 4?
232312201
What is 4533342 (base 6) in base 16?
3831e
-38c3c (base 16) to base 2
-111000110000111100
1114411314 (base 5) to base 11
1456625
Convert -100012200012121 (base 3) to base 8.
-22527701
Convert 2011141 (base 8) to base 9.
885570
-100101011000001101 (base 2) to base 12
-74725
106512 (base 9) to base 13
23099
Convert -33314103 (base 5) to base 11.
-18a243
Convert -1111111111111100111 (base 2) to base 11.
-328983
What is -1653342 (base 11) in base 4?
-22233113302
What is 2609903 (base 10) in base 15?
368488
What is -3a508 (base 12) in base 13?
-2a686
What is -26b084 (base 13) in base 11?
-5909a4
What is -1111001111101010 (base 2) in base 10?
-62442
What is -18107548 (base 9) in base 14?
-12cbdd8
10000000110000000001111 (base 2) to base 6
230231531
-14330223 (base 6) to base 15
-9b4e3
Convert 1033130 (base 5) to base 10.
17915
What is -743ce3 (base 15) in base 10?
-5531163
Convert -294dd (base 14) to base 10.
-102507
Convert 343152334 (base 6) to base 10.
6313378
What is 12064569 (base 10) in base 2?
101110000001011100111001
-70014 (base 11) to base 16
-19066
What is 337324 (base 8) in base 7?
654331
1a8a36 (base 11) to base 16
4df7e
100111000101011011101010 (base 2) to base 8
47053352
-56424464 (base 7) to base 15
-66b088
Convert 65b8db (base 14) to base 16.
34a859
What is 56361 (base 14) in base 12?
a10a9
Convert 131160 (base 8) to base 7.
250115
2c12c (base 13) to base 6
1443245
What is 402023 (base 5) in base 7?
52132
What is 551265 (base 7) in base 9?
156363
10000010100110010010 (base 2) to base 16
82992
What is d5c6 (base 15) in base 3?
2021222120
113155 (base 12) to base 6
5520545
Convert -22a9b5 (base 12) to base 10.
-557849
What is 91ac4 (base 14) in base 6?
11303124
What is -201111300 (base 4) in base 13?
-4a208
Convert -54116356 (base 7) to base 4.
-101211123211
-254315 (base 9) to base 10
-154076
-1373e3 (base 15) to base 3
-1202112121220
What is 113112021312 (base 4) in base 16?
5d6276
5f44bb (base 16) to base 11
3584933
59a54 (base 15) to base 14
76245
Convert 101011001101000101 (base 2) to base 11.
110a58
-1122